se
Is 708649499 prime?
True
Is 8407115186 composite?
True
Is 7757974867 prime?
False
Is 24525131023 a composite number?
True
Is 739700671 prime?
True
Is 18122960201 composite?
True
Is 510232078 prime?
False
Is 745814897 prime?
True
Is 26986614181 a prime number?
False
Is 1642279949 a prime number?
False
Is 18086304197 composite?
True
Is 25147281191 composite?
False
Is 33619923013 composite?
True
Is 22740149 composite?
False
Is 3330663335 a composite number?
True
Is 1176862741 composite?
True
Is 4072495351 a composite number?
False
Is 6220370839 composite?
True
Is 3437373727 composite?
True
Is 1174998739 composite?
True
Is 88215552277 a prime number?
True
Is 99232176209 a prime number?
True
Is 39057807218 prime?
False
Is 385339183 a composite number?
False
Is 1702208041 a prime number?
False
Is 3258689327 a composite number?
False
Is 824280005 composite?
True
Is 368323283 a composite number?
False
Is 69133625149 prime?
True
Is 3137718371 composite?
True
Is 959386267 prime?
False
Is 70529363393 prime?
True
Is 1211785529 a prime number?
False
Is 277648769 a prime number?
True
Is 16622932595 prime?
False
Is 67672093349 a prime number?
False
Is 6043315097 a composite number?
True
Is 1281516557 composite?
True
Is 39099946489 prime?
False
Is 2041148867 composite?
False
Is 22022641 composite?
False
Is 3553049 a prime number?
True
Is 179603163391 prime?
True
Is 100278442727 composite?
False
Is 269018504851 prime?
False
Is 59174305711 a composite number?
False
Is 2732529171 a composite number?
True
Is 5781110119 composite?
False
Is 35970630343 composite?
False
Is 26293278523 a prime number?
True
Is 1197953693 a composite number?
True
Is 13693717409 composite?
True
Is 6813757231 a prime number?
True
Is 10432989473 composite?
True
Is 12403416947 a composite number?
True
Is 16137555559 prime?
True
Is 104914627603 prime?
False
Is 318234131 a composite number?
True
Is 11490041053 prime?
False
Is 156647399 a prime number?
True
Is 57739824017 composite?
False
Is 69919745047 composite?
True
Is 3512590871 a composite number?
True
Is 1424702611 composite?
False
Is 69396029 a composite number?
True
Is 4354122401 composite?
True
Is 81524705 prime?
False
Is 5042714889 composite?
True
Is 1182442487 a prime number?
True
Is 23790845669 composite?
False
Is 32965012771 a prime number?
False
Is 33280648189 a prime number?
False
Is 3528636913 prime?
True
Is 1992689171 composite?
True
Is 5582512651 prime?
True
Is 35450897 a prime number?
True
Is 849064529 prime?
False
Is 1589662603 a prime number?
True
Is 1865797231 prime?
False
Is 13322239483 composite?
True
Is 13919016217 prime?
False
Is 12588232711 composite?
True
Is 212104213 a prime number?
True
Is 235056461 composite?
False
Is 42366532027 a prime number?
True
Is 3728686289 composite?
True
Is 9357122053 prime?
True
Is 2265979133 a prime number?
False
Is 4643572503 composite?
True
Is 1078283995 a composite number?
True
Is 95220024931 composite?
False
Is 20714641537 composite?
True
Is 396587831 composite?
False
Is 749613629 prime?
True
Is 6408113207 prime?
True
Is 1502167801 a prime number?
True
Is 571979095 composite?
True
Is 25451593169 prime?
False
Is 3080280571 composite?
False
Is 8016101209 composite?
True
Is 5924179319 a prime number?
True
Is 183277049 a prime number?
True
Is 1713109997 composite?
True
Is 79203434899 a composite number?
False
Is 87645799237 prime?
False
Is 77278703 a prime number?
False
Is 76884336181 a prime number?
True
Is 7611764077 a composite number?
False
Is 84478499695 composite?
True
Is 296951117 a composite number?
False
Is 705762209 composite?
False
Is 5281717 composite?
True
Is 5158429427 a composite number?
False
Is 23807212753 composite?
False
Is 397072699 a composite number?
True
Is 1903119353 a composite number?
True
Is 2167161391 prime?
False
Is 530475419 composite?
False
Is 27732233701 composite?
False
Is 1202906266 composite?
True
Is 3972305783 prime?
True
Is 67705531031 composite?
True
Is 541404289 prime?
True
Is 872137957 prime?
True
Is 5141162029 a prime number?
False
Is 82271921 prime?
False
Is 8484060469 a prime number?
False
Is 75095343579 a prime number?
False
Is 394328047 a prime number?
False
Is 48541834067 prime?
True
Is 21588343834 prime?
False
Is 53172681337 a composite number?
False
Is 170024571929 composite?
False
Is 858005983 composite?
True
Is 159379781 composite?
True
Is 1499261239 prime?
False
Is 1261620179 composite?
False
Is 19500885427 a composite number?
False
Is 1666946959 a composite number?
True
Is 714021842 composite?
True
Is 7212484793 a composite number?
False
Is 1033095517 a prime number?
True
Is 6404883539 a prime number?
True
Is 146556725107 a prime number?
False
Is 371902763 a prime number?
True
Is 3142482689 a composite number?
False
Is 150561379 a prime number?
True
Is 86024567 a composite number?
False
Is 6282616315 a prime number?
False
Is 1822202897 a prime number?
False
Is 4770808117 a composite number?
False
Is 1790637 prime?
False
Is 53534622997 prime?
True
Is 3977656801 prime?
False
Is 19962480311 composite?
True
Is 2253990127 a composite number?
False
Is 2911848531 prime?
False
Is 348082733 composite?
True
Is 190170133 a composite number?
False
Is 22853179301 a prime number?
True
Is 1773966533 prime?
True
Is 495558199 prime?
False
Is 7195923395 a prime number?
False
Is 25982465483 composite?
True
Is 3971283091 prime?
False
Is 362769893 composite?
False
Is 2971223 prime?
True
Is 34044633299 a composite number?
True
Is 12195811037 a prime number?
False
Is 147824297873 prime?
False
Is 3888106427 composite?
False
Is 3297073786 prime?
False
Is 20304041267 prime?
True
Is 555415283 a prime number?
True
Is 65996395679 prime?
True
Is 156984196861 composite?
False
Is 18415837033 a prime number?
False
Is 805351669 a composite number?
False
Is 248308507 a prime number?
False
Is 2071451161 a prime number?
False
Is 2590107353 a composite number?
False
Is 1931426881 composite?
True
Is 43284041233 a prime number?
True
Is 6973944973 a prime number?
False
Is 8590065859 prime?
True
Is 1525455761 a composite number?
False
Is 29535726683 prime?
False
Is 74889979 a composite number?
True
Is 3298254857 a prime number?
True
Is 8913481282 composite?
True
Is 4530612517 a prime number?
False
Is 1198941521 prime?
True
Is 5101609187 prime?
True
Is 9269300941 prime?
True
Is 175607435947 composite?
False
Is 11765828591 composite?
True
Is 41667766697 a prime number?
False
Is 3522772739 a composite number?
False
Is 2116004953 composite?
False
Is 377365657 prime?
True
Is 130962691589 a composite number?
False
Is 376362671 a composite number?
False
Is 80018271793 a composite number?
False
Is 193290653 composite?
True
Is 637378613 a prime number?
False
Is 48379657 a composite number?
True
Is 37904248843 a prime number?
True
Is 294024629 a composite number?
True
Is 35311006207 composite?
True
Is 24824373019 prime?
False
Is 2117070103 a composite number?
False
Is 204767603743 composite?
True
Is 19525284679 a composite number?
False
Is 825402077 prime?
False
Is 5508348449 prime?
False
Is 2227564567 prime?
True
Is 2189370307 a prime number?
True
Is 2823883541 a composite number?
False
Is 266671195057 prime?
False
Is 42637638679 composite?
False
Is 876571169 prime?
False
Is 3019749115 prime?
False
Is 641563691 composite?
False
Is 1527203893 a composite number?
False
Is 6807801999 a prime number?
False
Is 125134519 prime?
False
Is 37454969081 composite?
False
Is 23996992667 a prime number?
False
Is 102986934173 prime?
True
Is 11060158817 a prime number?
True
Is 90143813 composite?
True
Is 1161305317 a composite number?
False
Is 60896139761 a prime number?
True
Is 3673293829 a composite number?
False
Is 3711468829 composite?
False
Is 3504096347 a prime number?
False
Is 7106546507 composite?
True
Is 605292757 a composite number?
False
Is 585405299 prime?
False
Is 4252161077 a composite number?
True
Is 1955210401 a prime number?
True
Is 69543281 a prime number?
True
Is 1302634051 a prime number?
True
Is 8994728579 prime?
True
Is 1200807611 a prime number?
False
Is 49977483658 prime?
False
Is 902750239 a composite number?
True
Is 4245823091 composite?
False
Is 78909760673 a prime number?
True
Is 1187329987 a composite number?
False
Is 32498545847 composite?
False
Is 685784105 a c